 v = 0, d + 2*d - 16 = -5*l. What are the prime factors of l?
2
Let m = 63 + -60. List the prime factors of 0 + 107 + 0/(-1) - m.
2, 13
Let f(h) = 10*h**2 + 51*h + 71. What are the prime factors of f(-14)?
3, 439
Suppose 11 = 3*b + 5*k - 4*k, b - 3*k + 13 = 0. Suppose 2*j = -w + 76 + 493, b*j = w + 563. What are the prime factors of j?
283
Let s(c) = 3*c**2 - c + 5. Let o(q) = -3*q**2 - 4. Let i(f) = -5*o(f) - 4*s(f). List the prime factors of i(3).
3, 13
Suppose 2*d - 296 = -3*m, 4*d = -m + 3*d + 99. Suppose 5*o + 0*z = -4*z + m, 8 = 4*z. List the prime factors of o.
2, 3
Let w(c) be the first derivative of 2*c**2 + 19*c + 32. List the prime factors of w(7).
47
Let h(c) = 6*c**3 - 26*c**2 - 35*c - 23. Let r(s) = -4*s**3 + 17*s**2 + 23*s + 15. Let a(f) = 5*h(f) + 8*r(f). List the prime factors of a(-3).
2, 43
Suppose 0 = -22*m + 10*m + 2160. List the prime factors of m.
2, 3, 5
Suppose 0 = -2*i - 0*i + 434. Suppose 5*c - i = -3*t, -t - 3*c = -10 - 57. Let x = t + -51. What are the prime factors of x?
2, 7
Let o = -178 - -1250. What are the prime factors of o?
2, 67
Suppose 2*z - 26 = 4*p, -p - 11 = -3*z - 2*p. Suppose 0 = n - z*k + k - 25, 4*k - 33 = -n. List the prime factors of n.
29
Let c(y) = 2*y + 32. Let p be c(-15). Suppose -1358 = p*b - 9*b. What are the prime factors of b?
2, 97
Suppose 0 = -3*o - 4*m + 6292, -5*m + 4860 + 1436 = 3*o. List the prime factors of o.
2, 523
Let h be 16/(2*1) - -1. Let i = 61 - 58. Let f = i + h. What are the prime factors of f?
2, 3
List the prime factors of -6 - (-3379 - 9) - (-5)/1.
3, 1129
Suppose 5*v = 8*v - 297. List the prime factors of 2/18 - (-4840)/v.
7
Let g be 12/9 + 7/(-21). Let k = g - -42. List the prime factors of k.
43
Let c = 672 + 3287. List the prime factors of c.
37, 107
Let w be ((-10)/4)/(1/(-26)). Let b = 240 - 128. Let l = b - w. What are the prime factors of l?
47
Let o(g) = -g**3 - 20*g**2 + 8*g - 52. List the prime factors of o(-21).
13, 17
Let t(n) = -n**2 - 10*n + 15. Let p be t(-11). Suppose -h + 2*m = -3*m - 37, p*h = 4*m + 196. List the prime factors of h.
2, 13
Suppose -192*p + 193*p = 378. What are the prime factors of p?
2, 3, 7
Let u(y) = y - 9. Let t(s) = -s + 10. Let p(h) = 6*t(h) + 7*u(h). Let b be p(5). Suppose -b*l + 57 = l. List the prime factors of l.
19
Let h(r) = r**2 - 12. Let w be h(0). Let v(d) be the first derivative of d**4/4 + 13*d**3/3 + 9*d**2/2 - 6*d + 14. List the prime factors of v(w).
2, 3, 5
Let j = 1223 + 1391. What are the prime factors of j?
2, 1307
Let c(b) = 18*b**2 - 17*b + 2. What are the prime factors of c(2)?
2, 5
Let y(d) = -15*d**2 + 1 - d**3 + 4*d + 2 - 2 + 10*d**2. Let j be y(-6). Suppose -j = -2*x + 5*p + 45, -3*p = x - 7. List the prime factors of x.
19
Suppose -3*x + 4*x - 162 = 0. What are the prime factors of x?
2, 3
Let b(v) = v**2 - 2*v - 4. Let x be b(4). Suppose -4*k - 4*a = -196, -x*k + 3*a + 211 = 2*a. What are the prime factors of k?
2, 13
Suppose -2*n + 8 = 2*n. List the prime factors of (1/n)/(3/126).
3, 7
Let y(n) = -8*n + 1205. What are the prime factors of y(0)?
5, 241
Let x = -20 - 0. List the prime factors of x/5 + 86 - -2.
2, 3, 7
Let h(w) = w**2 - 5*w + 8. Let d be h(4). Suppose b - 2*m - 92 = 0, -5*m = -4*m - d. List the prime factors of b.
2, 5
Suppose 5*l + 191 = -4*f, 2*f = -2*f - l - 179. List the prime factors of (-1*97)/(f/(-8) - 6).
2, 97
Let f be (-16)/56*14/(-2). Let j be (1 - 1/1)/1. Suppose -4*q - 2*g = -3*q - 67, j = -2*q - f*g + 130. What are the prime factors of q?
3, 7
Let m(k) = 14*k - 4*k + 25*k - 1. What are the prime factors of m(3)?
2, 13
Let a = 30 - 23. List the prime factors of (-354)/(-8) + a/(-28).
2, 11
Let i(r) = r**2 + 22*r + 23. Let v be i(-17). Let f = v + 159. What are the prime factors of f?
97
Suppose -5*t + 1219 = -3*u, -2*t - 8*u + 12*u = -482. List the prime factors of t.
5, 7
Let x be 4 + 8 + (3 - 2). Suppose 352 = 17*o - x*o. List the prime factors of o.
2, 11
Let k be 20/5 + 2 + -4. Suppose 0 = -3*x - h - h + 44, 5*x + 3*h = 75. Suppose 3*p - 5*s - 35 = -k*p, p + x = -4*s. List the prime factors of p.
2
Suppose 0 = -3*q - 3*k - 12, 0 = 3*q - 2*k + 22 + 10. Let v be (-258)/q + 6/(-24). Suppose 0 = 3*w - 107 + v. List the prime factors of w.
5
Let d(w) = -2*w + 4. Let a be d(-11). Let c = a + -20. What are the prime factors of c?
2, 3
Let g = -37 + 42. Suppose g = -c + 31. What are the prime factors of c?
2, 13
Suppose 3*j = -y - 6, 4*j - y = -2 + 1. What are the prime factors of j/2 + (-4144)/(-32)?
3, 43
Let c(k) = 25*k + 29. List the prime factors of c(23).
2, 151
Let p(a) = a**2 - 3*a + 3. Let x be p(6). Let v be x/9 - (-3)/(-9). Suppose 5*j - 3*h + 2*h = 162, v*j - 3*h = 70. What are the prime factors of j?
2
Let u be 74/10 + 6/(-15). Let r = u - 3. Suppose -r*z + 5*z - 9 = 0. List the prime factors of z.
3
Suppose 3*l - 30 = 2*l. Suppose 0 = 3*y + c - 10, 2*y + 3*y - 5*c - l = 0. List the prime factors of (-3 + y)*28 - 2.
2, 13
Let k = 1299 - 325. List the prime factors of k.
2, 487
Let p be (-146)/(-3 - 2 - -3). List the prime factors of (0 + p + -1)/1.
2, 3
Let f(p) = -2*p**3 + 22*p**2 - p + 10. What are the prime factors of f(10)?
2, 5
Let t be (-4 + 2)/2 + 25. Let j = -20 + t. Suppose 3*z - j*z + 25 = 3*i, 2*z + 5*i = 54. What are the prime factors of z?
37
Let g(n) = -n**3 + n**2 + 2*n - 5. Let o be (-2 - 5/(-3))*9. List the prime factors of g(o).
5
Let j(x) = 5*x - 2. Let h be j(1). Let u be -4*h/(-4) - 4. List the prime factors of 0 + (u + -22)/(-1).
23
List the prime factors of ((-24)/18)/(1/(-162)).
2, 3
Suppose -o = -2*g + 17 + 22, -12 = 4*g. Let i be -5*6/o*-12. Let u = i + 14. List the prime factors of u.
2, 3
Suppose -460 = 13*f - 1656. List the prime factors of f.
2, 23
Let i = 26 + -34. Let j(g) be the second derivative of -g**5/20 - g**4/2 + 2*g**3 + 2*g**2 - 3*g. List the prime factors of j(i).
2, 3
Suppose 0 = -3*m - 4*s + 3517, -2*s = -2*m - 0*m + 2368. What are the prime factors of m?
3, 131
Let k = -850 + 1726. List the prime factors of k.
2, 3, 73
Suppose 0 = 5*n - 268 - 8932. List the prime factors of n.
2, 5, 23
Let q = 94 - -2710. What are the prime factors of q?
2, 701
Let x(a) = a**3 - 5*a**2 + 6*a - 3. Let v be x(4). Suppose -v*m + 962 + 903 = 0. Suppose -5*h = 8 - m. What are the prime factors of h?
73
Let g be ((-8)/12)/((-1)/6). Suppose -5 = -g*c - 1. What are the prime factors of (32/c)/(2/3)?
2, 3
Let o = 5414 + -3164. What are the prime factors of o?
2, 3, 5
Suppose -5*i + 5*l + 2392 = l, -2*i = -2*l - 956. List the prime factors of i.
2, 3, 5
Let t(h) = 15*h**2 - 11*h + 26. List the prime factors of t(3).
2
Let y = -4579 + 7581. What are the prime factors of y?
2, 19, 79
Let f(d) = 367*d**3 - 3*d**2 + 3*d - 1. What are the prime factors of f(1)?
2, 3, 61
Suppose 0 = -3*s + 71 + 82. Suppose n + 15 = s. Let d = 103 - n. What are the prime factors of d?
67
Let w be (0 - 10)*8/(-10). Let j(q) = q**3 - 8*q**2 - 10*q - 9. Let y be j(w). Let r = 125 + y. What are the prime factors of r?
2, 3
Let y be 155*(-5)/(-20)*4. Let n = 219 - y. What are the prime factors of n?
2
List the prime factors of (-6 - -8) + 571 + 3.
2, 3
Let s be (-4 + 4)/(-4) - -2*81. Let h = -89 + s. List the prime factors of h.
73
Let g be 1 + -4 + 1 + 138. Let a(i) = i**3 - 17*i**2 + 2*i + 18. Let p be a(17). Suppose 0*c = -5*c + 4*s + g, s = 2*c - p. List the prime factors of c.
2, 3
Let w = -60 + 165. Suppose 5*o + 162 = 2*k + o, k + 4*o = w. What are the prime factors of k?
89
Let d(i) = 86*i**2 + i - 2. List the prime factors of d(-2).
2, 5, 17
Let d = -2 + -16. Let b = -11 - d. List the prime factors of b.
7
Let u(k) = -k**3 + 4*k**2 + 8*k - 5. Let y be u(5). Suppose v - 14 = -2*o, 2*o - 4*v - 13 = 11. Let q = y - o. List the prime factors of q.
2
Let m = 51 - -27. List the prime factors of m.
2, 3, 13
Suppose 20*u - 17*u = 12. Suppose 4*p = 76 + u. What are the prime factors of p?
2, 5
Suppose -3*b = -9, -8*u - 5*b + 17125 = -11850. What are the prime factors of u?
2, 5, 181
Let j(u) = -27*u - 32. Let v be j(7). Let p = -156 - v. List the prime factors of p.
5, 13
What are the prime factors of (-36)/(-21)*(53 - 4)?
2, 3, 7
Let t = -7 + 37. Suppose 5*w - 100 = t. List the prime factors of w.
2, 13
Let w be 3 - 1/(1/3). Suppose -3*h - 2*s = -0*s - 16, w = h + 4*s - 